(-8)/4)*9. Let n(a) = a**3 + 8*a**2 - 10*a - 4. Let k be n(h). Suppose 2*z = -k*w + 63, -3*w - 15 = z - 2*z. What are the prime factors of z?
2, 3
What are the prime factors of 82/(-328) - (-8698)/8?
1087
Let n be (-105)/(-42)*(1 - -1). Let u(g) = -g - 14. Let t be u(-9). What are the prime factors of (n/(t/7))/(-1)?
7
Suppose 0 = -2*q + 8*q - 1338. Suppose -3*r + q = -4*k - 2*r, 4*k + 213 = 3*r. Let l = -41 - k. List the prime factors of l.
2
Suppose 474 = 5*d + 3*t, 3*t = -2*d + 5*t + 180. List the prime factors of d.
3, 31
Suppose 3711 = 4*u - 1413. List the prime factors of u.
3, 7, 61
Let k be (-2)/1*(-10 - 0). What are the prime factors of (-2)/10 - (-244)/k?
2, 3
Let b = -5654 - -8783. What are the prime factors of b?
3, 7, 149
Let y(s) = -5*s + 20*s + 1 - 29. What are the prime factors of y(8)?
2, 23
Let f = -351 + 353. Let n = 0 - -5. Suppose 0 = 3*q + 3*j - n*j - 85, -f*q + 3*j = -65. What are the prime factors of q?
5
Let v be 4 + -2*(-327)/6. Suppose -v + 486 = 4*a + 3*b, 5*a = 3*b + 446. List the prime factors of a.
7, 13
Let z(c) = -2*c - 12. Let s be 22/(-3) + (-10)/(-30). Let x be z(s). Suppose -x*p + 62 = -24. List the prime factors of p.
43
Suppose -n = -5*s - 0*s, 3*n - 32 = -s. Suppose 35 = j - 5*o, 3*j + o = 35 - n. What are the prime factors of j?
2, 5
Let q be (((-40)/(-3))/(-2))/((-32)/(-336)). Let i = q - -155. List the prime factors of i.
5, 17
Let f = 82 - 80. Suppose 0 = -m - 2*l + 259, -6*m + f*m + 2*l + 1066 = 0. List the prime factors of m.
5, 53
Let i(j) = j**3 + 8*j**2 - 7*j + 10. Let c be i(-7). Let g = c - 72. List the prime factors of (45/(-6))/((-6)/g).
3, 5
Let m(b) = 23*b**2 - 10*b + 67. What are the prime factors of m(7)?
2, 281
Let w = 507 - -547. What are the prime factors of w?
2, 17, 31
Let y(u) = -u**3 + u**2 + 8. Let x be y(3). List the prime factors of (-4431)/(-35) - (-6)/x.
2, 3, 7
Suppose 14*q - 953 = 1343. Suppose q = 4*s + 4*f - 212, -5*f - 195 = -2*s. List the prime factors of s.
5, 19
Let l(q) = q**2 + 13*q + 3122. List the prime factors of l(0).
2, 7, 223
List the prime factors of (-28269)/(-54)*4/6.
349
Let f(w) be the first derivative of -1 + 2*w - 3/2*w**2 - 1/4*w**4 - 4/3*w**3. List the prime factors of f(-4).
2, 7
Let w = -456 - -6420. List the prime factors of w.
2, 3, 7, 71
List the prime factors of (11 + -8)*6*90.
2, 3, 5
Let w be 20 + 8 + (-20)/5. Let k = 40 + w. List the prime factors of k.
2
What are the prime factors of (-1245)/2*18/(-15) - 4?
743
Suppose d - 107 = -14. Let n = d - 53. What are the prime factors of n?
2, 5
Let t(f) = -f**2 + 7*f + 10. Let z be t(8). Let x(d) = -3*d - 3 + 5*d**2 - 5*d**2 - 4*d**z + 5*d**2. What are the prime factors of x(-2)?
7
Let y = -15 - -13. Let r be (2 + -5)*y/3. Suppose 0*h + 55 = 5*q + r*h, 5*q - 55 = 5*h. List the prime factors of q.
11
Let p(b) = -11*b**2 - 26*b + 7. Let o be p(-5). Let j = o - -205. List the prime factors of j.
67
Let l = -1247 - -1958. Suppose -x + 2*o - 47 = -182, 0 = 5*x - o - l. List the prime factors of x.
11, 13
Let k(b) = 3*b**2 - 14*b + 10. Let g(n) = 2*n**2 - 14*n + 11. Let y(c) = 4*g(c) - 3*k(c). What are the prime factors of y(-11)?
47
Let o(x) = 3 - 2 + 4 - 3 + 6*x. Suppose 3*l + 2*t - 13 = t, 4*l - 3*t - 13 = 0. List the prime factors of o(l).
2, 13
Let l be 5/(-2)*(4 - 8). Let v = l + -15. Let r(y) = -y**3 - 5*y**2 - 3*y - 7. List the prime factors of r(v).
2
Let r = -25 - -56. Let m = r + -54. What are the prime factors of (-40)/(-10) - (m + 0)?
3
Let q(d) = -d**2 + 3*d - 8. Let j be q(4). What are the prime factors of (427/(-2))/7*j/3?
2, 61
Suppose -2*v + 732 = -4*h, -v - 1844 = -6*v - 4*h. What are the prime factors of v?
2, 23
Let w = 1999 + -1149. What are the prime factors of w?
2, 5, 17
Let p(f) = f + 7. Let t(i) = -2*i + 15. Let n be t(12). Let d be p(n). List the prime factors of -10*(18/15 + d).
2
Suppose 0 = 4*z - 6*z + 6. Suppose -f - z*f - 8 = 0. List the prime factors of 9 - (2/f + -1).
11
Let d = -1 + 3. Let a(g) = g + 1. Let p be a(d). List the prime factors of p/(-2)*1*-14.
3, 7
Suppose 0*z + 2*z - 2*y - 6 = 0, 13 = 4*z - 5*y. Suppose 3*k - 1540 = 4*b, 4*k + k = -z*b + 2610. List the prime factors of (12/10)/(16/k).
3, 13
What are the prime factors of (-24)/(3 - -165) - (-40224)/14?
13, 17
List the prime factors of (-14 - (-27288)/(-84))/(2/(-21)).
2, 3, 593
Suppose -3*r = -2*r - 2*v - 4, 2*v - 8 = -5*r. Let x = 28 + r. Let u = 44 - x. What are the prime factors of u?
2, 7
Suppose -3*f = -0*f + 9. Let y be 1*1*(f + 25). List the prime factors of 11/y + (-119)/(-2).
2, 3, 5
Suppose 5*t - 5590 = -2*j, 4*j - 22432 = -4*j - 2*t. List the prime factors of j.
3, 5, 11, 17
Let p be (-3 + (-7)/(-2))*1*8. Suppose p*y - 236 = 480. What are the prime factors of y?
179
Let n(k) = 5*k**2 - 10*k + 9. Let z(l) = -l**2 + 1. Let r(q) = -n(q) - 4*z(q). Let x be r(9). List the prime factors of (20/(-15))/(x/6).
2
Suppose 0 = 13*c - 15*c + 152. Let s be c/18 + 14/(-63). Suppose -h - s*h = -130. List the prime factors of h.
2, 13
Let k(n) = -15*n + 47*n - 7 - 6 + 1. Let m be k(5). Suppose -2*r + 54 = -3*d, -5*r - d + 2*d = -m. List the prime factors of r.
2, 3, 5
Let w be ((-48)/(-4))/((-15)/(-740)). Suppose -5*v = -w - 328. List the prime factors of v.
2, 23
Let m = 124 + -4. Suppose -v + m = 2*v. List the prime factors of v.
2, 5
Let g be (-1)/((-1)/(-6)*-3). Suppose 12 = g*z - p, 5*p + 2 = z - 4. Suppose z = 4*d - 22. What are the prime factors of d?
7
What are the prime factors of (-4874)/(-2) + -1 + 3?
3, 271
Suppose -5*x + 15*w = 17*w - 1655, 15 = -3*w. What are the prime factors of x?
3, 37
Suppose -81*c - 1382 = -83*c. List the prime factors of c.
691
Let a(j) be the first derivative of -1/4*j**4 - 5 - 4/3*j**3 + 4*j + 4*j**2. List the prime factors of a(-6).
2, 7
Let n(m) = -3*m - 14. Let z be n(-7). Suppose 0 = z*r + 1 - 22. List the prime factors of r.
3
Let d(x) be the first derivative of 115*x**2/2 - 2*x + 18. What are the prime factors of d(1)?
113
Let f(b) be the third derivative of b**6/120 - b**5/20 + b**4/6 - b**3 + 13*b**2. Let q = 7 - 3. What are the prime factors of f(q)?
2, 13
Let q = -19 + 13. Let j = q - 27. Let z = j - -54. List the prime factors of z.
3, 7
Let a(k) be the second derivative of 3*k**3/2 - 19*k**2/2 - k + 14. What are the prime factors of a(7)?
2, 11
Suppose 0 = -4*f - 2*h + 542, 40 + 73 = f - 4*h. Let g = f - 82. What are the prime factors of g?
3, 17
Suppose 35 = 5*u + 10. Suppose u = 3*k - 0*x + 4*x, 0 = -k + 2*x - 5. Let i(d) = -8*d + 1. List the prime factors of i(k).
3
Let c(x) = 8*x + 4. Let l be c(4). Let z(n) = n**3 + n**2 + 6. Let b be z(0). Suppose -2*y + b*y - l = 0. List the prime factors of y.
3
Let v(t) = -2*t - 25. Let b be v(-14). Suppose 2*y - 924 = -2*y - l, 4*y + b*l - 932 = 0. List the prime factors of y.
2, 5, 23
Suppose b + 0*g - 3*g + 35 = 0, 140 = -4*b - 4*g. Let o = -23 - b. What are the prime factors of o?
2, 3
Suppose -4*b - 4*o - o + 116 = 0, 0 = 5*o - 20. Let w = -21 + b. Suppose 2*c - w*d - 72 = 0, -9*c + 4*c + 5*d = -190. List the prime factors of c.
2, 3, 7
Suppose 5*z = y + 7, 0 = -3*z - 2*z - 3*y + 19. Let h(c) = -2 - 7*c + c**z + 0*c - 2*c - 3. List the prime factors of h(11).
17
Let x(l) = -l**3 - 4*l**2 - 4*l - 4. Let i be x(-3). List the prime factors of (4 + i)/(-6) + 764/8.
5, 19
Let g(z) = z**3 + 9*z**2 - 5*z + 13. Let p be 260/(-36) - (-1 - 14/(-18)). List the prime factors of g(p).
2, 73
Suppose 362 = o + 5*i, -o - 5*i = -i - 363. List the prime factors of o.
367
Let a be -1*(-2)/(6/9). Suppose -h - 75 = -3*t, -a*t + 4*h - 16 + 82 = 0. What are the prime factors of t?
2, 13
Suppose g = 6*g - 20. Suppose -5*p + g*p = -4. Suppose y = 2, 124 = p*t - 2*y - 0*y. What are the prime factors of t?
2
Let o = 27 - 19. Let u(d) = -d**3 + 8*d**2 + 2*d - 7. Let p be u(o). Suppose -p*l + 115 = -4*l. List the prime factors of l.
23
Suppose -l + 6 = -2*j, 2*l - 2*j - 3 = 3. Let q = 3 + -3. Suppose q*y + 2*y - 46 = l. List the prime factors of y.
23
Suppose 0*z + 190 = 5*c + 2*z, 152 = 4*c - z. Let v = c - -39. What are the prime factors of v?
7, 11
Suppose 60*x - 51*x - 10125 = 0. List the prime factors of x.
3, 5
Let t(d) = -14*d + 168. What are the prime factors of t(-12)?
2, 3, 7
Let f be 2/3 + 40160/(-12). Let k be f/(-49) - (-2)/(